 factors of 4217536?
2, 65899
List the prime factors of 2739155.
5, 547831
List the prime factors of 295180.
2, 5, 14759
List the prime factors of 1409694.
2, 3, 11, 13, 31, 53
What are the prime factors of 2194726?
2, 769, 1427
What are the prime factors of 3446629?
997, 3457
What are the prime factors of 19026436?
2, 11, 13, 29, 31, 37
What are the prime factors of 654716?
2, 163679
What are the prime factors of 353205?
3, 5, 47, 167
List the prime factors of 6772101.
3, 7, 389, 829
List the prime factors of 382479.
3, 127493
List the prime factors of 12175775.
5, 37, 13163
List the prime factors of 1089796.
2, 272449
What are the prime factors of 269975?
5, 10799
What are the prime factors of 3151570?
2, 5, 113, 2789
List the prime factors of 1301167.
7, 151, 1231
What are the prime factors of 251396?
2, 17, 3697
List the prime factors of 1219237.
1219237
List the prime factors of 643054.
2, 47, 6841
List the prime factors of 1899988.
2, 17, 27941
What are the prime factors of 555244?
2, 127, 1093
What are the prime factors of 804534?
2, 3, 134089
What are the prime factors of 468886?
2, 11, 21313
What are the prime factors of 4252083?
3, 11, 269, 479
List the prime factors of 4911087.
3, 1637029
What are the prime factors of 358818?
2, 3, 79, 757
List the prime factors of 12483950.
2, 5, 17, 19, 773
What are the prime factors of 296622?
2, 3, 1831
What are the prime factors of 453673?
11, 41243
List the prime factors of 918570.
2, 3, 5, 67, 457
What are the prime factors of 438624?
2, 3, 1523
What are the prime factors of 1630786?
2, 29, 31, 907
What are the prime factors of 915099?
3, 305033
List the prime factors of 1898701.
7, 38749
List the prime factors of 146877.
3, 173, 283
List the prime factors of 2551943.
2551943
What are the prime factors of 9744799?
281, 34679
List the prime factors of 2179154.
2, 43, 25339
List the prime factors of 40386.
2, 3, 53, 127
List the prime factors of 169750.
2, 5, 7, 97
What are the prime factors of 1091224?
2, 136403
What are the prime factors of 1788634?
2, 677, 1321
List the prime factors of 464677.
139, 3343
What are the prime factors of 2111994?
2, 3, 13037
List the prime factors of 78694.
2, 7, 11, 73
List the prime factors of 42217.
7, 37, 163
What are the prime factors of 1054560?
2, 3, 5, 13
What are the prime factors of 266519?
11, 24229
List the prime factors of 175587.
3, 107, 547
What are the prime factors of 527038?
2, 263519
List the prime factors of 1039224.
2, 3, 19, 43, 53
What are the prime factors of 20695?
5, 4139
What are the prime factors of 2149897?
2149897
List the prime factors of 15446874.
2, 3, 113, 22783
What are the prime factors of 3658049?
3658049
What are the prime factors of 103834?
2, 193, 269
What are the prime factors of 646493?
17, 2237
What are the prime factors of 36289986?
2, 3, 1663, 3637
List the prime factors of 22114216.
2, 2764277
List the prime factors of 315691.
315691
What are the prime factors of 8490122?
2, 1061, 4001
List the prime factors of 17529585.
3, 5, 1168639
List the prime factors of 4573012.
2, 73, 15661
What are the prime factors of 417757?
269, 1553
What are the prime factors of 92555?
5, 107, 173
List the prime factors of 3213764.
2, 803441
What are the prime factors of 977786?
2, 488893
List the prime factors of 851625.
3, 5, 757
List the prime factors of 369579.
3, 7, 17599
What are the prime factors of 130392?
2, 3, 1811
List the prime factors of 1492556.
2, 13, 28703
What are the prime factors of 2994691?
7, 427813
List the prime factors of 117070.
2, 5, 23, 509
List the prime factors of 686078.
2, 83, 4133
List the prime factors of 207282.
2, 3, 179, 193
What are the prime factors of 1104799?
43, 25693
List the prime factors of 6628301.
23, 97, 2971
List the prime factors of 128056.
2, 16007
What are the prime factors of 1182880?
2, 5, 7393
List the prime factors of 419996.
2, 104999
What are the prime factors of 4552835?
5, 7, 18583
List the prime factors of 530379.
3, 31, 1901
List the prime factors of 325656.
2, 3, 4523
What are the prime factors of 19952052?
2, 3, 19, 87509
What are the prime factors of 8944874?
2, 4472437
What are the prime factors of 1360393?
139, 9787
List the prime factors of 2719942.
2, 1359971
What are the prime factors of 6223214?
2, 3111607
What are the prime factors of 680608?
2, 21269
What are the prime factors of 32766898?
2, 16383449
List the prime factors of 1235412.
2, 3, 31, 41
What are the prime factors of 677260?
2, 5, 33863
What are the prime factors of 6943652?
2, 1735913
What are the prime factors of 1023391?
1023391
List the prime factors of 5908427.
7, 844061
List the prime factors of 4717120.
2, 5, 14741
List the prime factors of 390409.
67, 5827
What are the prime factors of 24363598?
2, 7, 1740257
What are the prime factors of 465852?
2, 3, 38821
List the prime factors of 10247778.
2, 3, 569321
List the prime factors of 22874314.
2, 1171, 9767
What are the prime factors of 168938?
2, 7, 11, 1097
What are the prime factors of 3711520?
2, 5, 23197
List the prime factors of 2800659.
3, 933553
List the prime factors of 400091.
347, 1153
List the prime factors of 6924471.
3, 827, 2791
What are the prime factors of 3760190?
2, 5, 7, 53717
List the prime factors of 231486.
2, 3, 41, 941
What are the prime factors of 3620928?
2, 3, 18859
List the prime factors of 730758.
2, 3, 7, 127, 137
What are the prime factors of 370232?
2, 46279
List the prime factors of 3164128.
2, 11, 89, 101
What are the prime factors of 3206452?
2, 73, 79, 139
What are the prime factors of 696981?
3, 379, 613
What are the prime factors of 238704?
2, 3, 4973
What are the prime factors of 872027?
13, 67079
List the prime factors of 156149.
7, 22307
What are the prime factors of 44031254?
2, 22015627
List the prime factors of 1058751.
3, 4357
What are the prime factors of 12849531?
3, 31, 4457
What are the prime factors of 1597587?
3, 532529
What are the prime factors of 89055?
3, 5, 1979
What are the prime factors of 207001?
317, 653
List the prime factors of 69786.
2, 3, 3877
What are the prime factors of 347545?
5, 11, 71, 89
List the prime factors of 16285557.
3, 5428519
List the prime factors of 1182507.
3, 394169
What are the prime factors of 3997763?
7, 11, 7417
List the prime factors of 6527817.
3, 241771
List the prime factors of 8433906.
2, 3, 13, 108127
List the prime factors of 116900.
2, 5, 7, 167
List the prime factors of 2011828.
2, 7, 13, 5527
List the prime factors of 211120.
2, 5, 7, 13, 29
List the prime factors of 21148215.
3, 5, 11, 67, 1913
What are the prime factors of 514093?
514093
What are the prime factors of 329624?
2, 41203
List the prime factors of 814079.
7, 17, 6841
List the prime factors of 4156248.
2, 3, 173177
List the prime factors of 2885677.
2885677
List the prime factors of 4951391.
1783, 2777
What are the prime factors of 1295845?
5, 259169
What are the prime factors of 794094?
2, 3, 7, 37, 73
What are the prime factors of 5402567?
89, 60703
What are the prime factors of 1137833?
23, 61, 811
List the prime factors of 141086.
2, 11, 53
What are the prime factors of 45634?
2, 22817
What are the prime factors of 253469?
253469
List the prime factors of 251095.
5, 13, 3863
What are the prime factors of 1594468?
2, 191, 2087
What are the prime factors of 2132321?
2132321
What are the prime factors of 165311?
165311
List the prime factors of 417409.
71, 5879
What are the prime factors of 614998?
2, 331, 929
List the prime factors of 23409382.
2, 37, 316343
What are the prime factors of 489706?
2, 7, 19, 263
What are the prime factors of 1385252?
2, 11, 19, 1657
What are the prime factors of 108363?
3, 41, 881
What are the prime factors of 475563?
3, 11, 14411
List the prime factors of 8099377.
11, 13, 19, 271
What are the prime factors of 86894?
2, 23, 1889
What are the prime factors of 146250?
2, 3, 5, 13
List the prime factors of 1057230.
2, 3, 5, 17, 691
What are the prime factors of 643353?
3, 214451
List the prime factors of 51485.
5, 7, 1471
List the prime factors of 3075947.
7, 439421
What are the prime factors of 757845?
3, 5, 11, 1531
List the prime factors of 5594188.
2, 61, 101, 227
List the prime factors of 21696107.
23, 587, 1607
List the prime factors of 5248746.
2, 3,